hat is the hundred thousands digit of 9081959?
0
What is the tens digit of 312215?
1
What is the hundreds digit of 1895040?
0
What is the ten thousands digit of 2717304?
1
What is the units digit of 85719?
9
What is the units digit of 3233475?
5
What is the ten thousands digit of 385635?
8
What is the hundred thousands digit of 681821?
6
What is the ten thousands digit of 595794?
9
What is the thousands digit of 231556?
1
What is the thousands digit of 19081218?
1
What is the units digit of 180212?
2
What is the hundreds digit of 3416104?
1
What is the hundred thousands digit of 114924?
1
What is the thousands digit of 267665?
7
What is the units digit of 904012?
2
What is the tens digit of 4880619?
1
What is the hundred thousands digit of 1779627?
7
What is the tens digit of 605196?
9
What is the thousands digit of 1367354?
7
What is the thousands digit of 213282?
3
What is the tens digit of 872014?
1
What is the ten thousands digit of 1291209?
9
What is the tens digit of 6480223?
2
What is the units digit of 12850738?
8
What is the millions digit of 9936214?
9
What is the tens digit of 560137?
3
What is the ten millions digit of 13525629?
1
What is the hundreds digit of 422009?
0
What is the units digit of 4778991?
1
What is the ten thousands digit of 3768842?
6
What is the units digit of 321581?
1
What is the thousands digit of 100586?
0
What is the thousands digit of 5590738?
0
What is the hundreds digit of 43262?
2
What is the thousands digit of 1212720?
2
What is the ten thousands digit of 2371167?
7
What is the thousands digit of 111315?
1
What is the ten thousands digit of 1825490?
2
What is the ten thousands digit of 118286?
1
What is the hundreds digit of 1056692?
6
What is the tens digit of 8507?
0
What is the hundreds digit of 19023139?
1
What is the tens digit of 3121063?
6
What is the hundred thousands digit of 27535746?
5
What is the ten thousands digit of 8822537?
2
What is the units digit of 282934?
4
What is the tens digit of 511024?
2
What is the hundred thousands digit of 154950?
1
What is the tens digit of 7728595?
9
What is the thousands digit of 5867751?
7
What is the ten thousands digit of 721938?
2
What is the hundreds digit of 7654085?
0
What is the thousands digit of 4404046?
4
What is the hundreds digit of 11981210?
2
What is the millions digit of 1474934?
1
What is the tens digit of 168868?
6
What is the hundred thousands digit of 1897246?
8
What is the units digit of 222702?
2
What is the hundreds digit of 4640077?
0
What is the thousands digit of 19884964?
4
What is the tens digit of 279830?
3
What is the ten thousands digit of 13127745?
2
What is the hundred thousands digit of 22049532?
0
What is the hundreds digit of 13352109?
1
What is the ten thousands digit of 99845?
9
What is the millions digit of 17414429?
7
What is the millions digit of 16456573?
6
What is the tens digit of 6876?
7
What is the hundred thousands digit of 5403440?
4
What is the units digit of 480477?
7
What is the hundred thousands digit of 1016810?
0
What is the hundreds digit of 1028586?
5
What is the hundred thousands digit of 100084?
1
What is the hundreds digit of 3095921?
9
What is the tens digit of 20107522?
2
What is the units digit of 4565103?
3
What is the tens digit of 161783?
8
What is the units digit of 1249642?
2
What is the tens digit of 2742572?
7
What is the hundreds digit of 1124267?
2
What is the units digit of 1056135?
5
What is the tens digit of 841514?
1
What is the units digit of 926838?
8
What is the ten thousands digit of 1635005?
3
What is the millions digit of 3532583?
3
What is the thousands digit of 7983237?
3
What is the hundred thousands digit of 1237069?
2
What is the hundred thousands digit of 798849?
7
What is the thousands digit of 4743611?
3
What is the tens digit of 2202868?
6
What is the units digit of 270740?
0
What is the ten thousands digit of 932850?
3
What is the ten thousands digit of 86767?
8
What is the units digit of 815485?
5
What is the tens digit of 357820?
2
What is the tens digit of 676608?
0
What is the ten thousands digit of 5619217?
1
What is the hundreds digit of 31981?
9
What is the millions digit of 5333498?
5
What is the hundred thousands digit of 10657320?
6
What is the tens digit of 1085725?
2
What is the ten thousands digit of 598525?
9
What is the millions digit of 2293483?
2
What is the ten thousands digit of 328178?
2
What is the ten millions digit of 12497071?
1
What is the tens digit of 142358?
5
What is the ten thousands digit of 510339?
1
What is the hundred thousands digit of 1569294?
5
What is the tens digit of 822?
2
What is the tens digit of 2689870?
7
What is the hundreds digit of 66840?
8
What is the tens digit of 858617?
1
What is the tens digit of 7911?
1
What is the units digit of 511465?
5
What is the millions digit of 3625296?
3
What is the tens digit of 636444?
4
What is the units digit of 166255?
5
What is the ten thousands digit of 195756?
9
What is the thousands digit of 1285836?
5
What is the thousands digit of 902313?
2
What is the hundred thousands digit of 1669848?
6
What is the hundreds digit of 12923639?
6
What is the ten thousands digit of 1384513?
8
What is the hundred thousands digit of 1060658?
0
What is the hundreds digit of 9398443?
4
What is the units digit of 437265?
5
What is the thousands digit of 7369?
7
What is the thousands digit of 1697806?
7
What is the tens digit of 2215291?
9
What is the hundred thousands digit of 284376?
2
What is the ten thousands digit of 393767?
9
What is the thousands digit of 9286777?
6
What is the hundred thousands digit of 3770568?
7
What is the tens digit of 1536838?
3
What is the ten thousands digit of 37619?
3
What is the thousands digit of 1085188?
5
What is the ten thousands digit of 476344?
7
What is the units digit of 107927?
7
What is the hundreds digit of 16367103?
1
What is the hundred thousands digit of 4071397?
0
What is the ten thousands digit of 98582?
9
What is the units digit of 109515?
5
What is the hundreds digit of 5203764?
7
What is the ten thousands digit of 267728?
6
What is the units digit of 102282?
2
What is the units digit of 5535?
5
What is the units digit of 1279749?
9
What is the hundreds digit of 2387038?
0
What is the hundred thousands digit of 269682?
2
What is the tens digit of 1030137?
3
What is the units digit of 575758?
8
What is the tens digit of 4717?
1
What is the tens digit of 14085?
8
What is the units digit of 21791057?
7
What is the ten thousands digit of 168173?
6
What is the ten thousands digit of 2841079?
4
What is the thousands digit of 496028?
6
What is the tens digit of 261187?
8
What is the ten thousands digit of 2918714?
1
What is the thousands digit of 315350?
5
What is the millions digit of 7641120?
7
What is the millions digit of 1674986?
1
What is the tens digit of 449815?
1
What is the hundred thousands digit of 10981377?
9
What is the units digit of 1215429?
9
What is the units digit of 230509?
9
What is the thousands digit of 1796419?
6
What is the millions digit of 19910600?
9
What is the hundreds digit of 418570?
5
What is the tens digit of 42178862?
6
What is the hundreds digit of 156332?
3
What is the ten thousands digit of 84483?
8
What is the units digit of 7997810?
0
What is the hundreds digit of 10823?
8
What is the thousands digit of 451762?
1
What is the hundred thousands digit of 1617973?
6
What is the hundred thousands digit of 134299?
1
What is the thousands digit of 360527?
0
What is the hundred thousands digit of 518876?
5
What is the tens digit of 3209944?
4
What is the hundred thousands digit of 2486083?
4
What is the tens digit of 798422?
2
What is the hundreds digit of 211560?
5
What is the tens digit of 441362?
6
What is the ten millions digit of 23509397?
2
What is the ten thousands digit of 66603?
6
What is the tens digit of 18771?
7
What is the ten thousands digit of 1992991?
9
What is the ten thousands digit of 200683?
0
What is the thousands digit of 382375?
2
What is the units digit of 31725501?
1
What is the millions digit of 5303012?
5
What is the ten thousands digit of 212151?
1
What is the thousands digit of 1528222?
8
What is the units digit of 582441?
1
What is the thousands digit of 375955?
5
What is the tens digit o